-39)/6 - 0))?
13, 41
Let i(g) = 684*g**2 + 13*g - 51. List the prime factors of i(3).
2, 3
Suppose 4*o - s + 21 = 615, -s - 2 = 0. List the prime factors of 23569/o + 2/(-8).
3, 53
Let w = -106 + 178. Let m = -68 + w. Suppose m*t - 445 = -t. List the prime factors of t.
89
List the prime factors of (1/(-3))/((-876)/29507184).
2, 7, 401
Let o = -26 - -31. Suppose -20 = o*y + 55. What are the prime factors of (1/(12/(-248)))/(2/y)?
5, 31
Let r(w) = 126*w**2 - 319*w + 31. List the prime factors of r(-6).
6481
Let f = -2580 - -4235. What are the prime factors of f?
5, 331
Let i be (3/(-5))/(6/(-20)). Suppose 3*d + z + 1460 = 4531, i*d + z - 2046 = 0. List the prime factors of d.
5, 41
Let y be 30*(-36)/(-225) + (-1)/(-5). Suppose g + 804 = 2*d, -1215 = -3*d + 2*g - y*g. List the prime factors of d.
13, 31
List the prime factors of (2894*((-33)/6 - -6))/1.
1447
Let b be (-40779)/(-12) + 2/(-8). Suppose 2*m - 4*k + 798 = 2486, 0 = 4*m + 3*k - b. What are the prime factors of m?
2, 53
Let m = -1040 - -1774. Suppose y - 765 = 4*w, 5*y + m = -5*w + 4559. What are the prime factors of y?
3, 5, 17
Suppose 0*g - 10*g = 13*g - 36455. What are the prime factors of g?
5, 317
Let g be (2 - ((-6640)/(-15))/8)*-3. Suppose -3*t = -473 - g. What are the prime factors of t?
211
Let m = -1718 + 2811. Suppose m = 9*f - 5729. What are the prime factors of f?
2, 379
Let h(v) = -v**3 + 4*v**2 + 5*v + 3. Let y = 109 + -204. Let m = y + 100. What are the prime factors of h(m)?
3
Suppose -34*b + 44*b - 170 = 0. Suppose 0 = 7*k - b*k + 2440. What are the prime factors of k?
2, 61
Suppose 3*n + 2*n = -b + 5, -3*n - 6 = 0. Suppose -b*k = -6*k - 3924. List the prime factors of k.
2, 109
Let k(v) = -6806*v + 35. List the prime factors of k(-4).
27259
Let r be 390/25*(-5)/(-2). Let a = 42 - r. What are the prime factors of 1/(a + -6 - (-102)/33)?
11
Let f = 102 + -104. List the prime factors of f/(-3) + ((-1802)/(-6) - -2).
3, 101
Let p = 6 + -3. Let w(z) = -29*z**2 - 8*z + 53. Let h(g) = 7*g**2 + 2*g - 13. Let b(i) = 9*h(i) + 2*w(i). What are the prime factors of b(p)?
2, 5
Suppose 148 = i + 45. Let k be 10948/(-126) - (-2 + (-57)/(-27)). Let t = i + k. What are the prime factors of t?
2
Let u be (-11)/22 + 2/((-12)/(-2883)). Suppose 11*q = 15*q + u. Let s = 235 + q. What are the prime factors of s?
5, 23
Suppose 0 = m - 5*v - 11963, 48006 = 4*m - 23*v + 25*v. List the prime factors of m.
2, 7, 857
Suppose 9*l - 275 = -2*l. Suppose l*j + 585 = 20*j. Let d = j + 222. List the prime factors of d.
3, 5, 7
Let n(h) = h**2 - 27*h + 176. What are the prime factors of n(102)?
2, 7, 13, 43
List the prime factors of 26/2 + 4638 + -26.
5, 37
Let z(j) = j**2 - 12*j + 6. Suppose 5 = -2*q + 5*x, 0 = -2*q + 2*x - 5 + 3. Suppose q = -16*n + 3*n - 65. List the prime factors of z(n).
7, 13
Suppose 0 = 3*f - 5*f + 56. Suppose 9*b - 435 = -6*b. Suppose -f*v + b*v = 123. What are the prime factors of v?
3, 41
Let a = -4815 + 10687. List the prime factors of a.
2, 367
Let d(f) = 2*f**3 + 12*f**2 + 5*f - 1. Let k be d(-5). What are the prime factors of ((-16)/(-3))/(k/3492)?
2, 97
Let m(r) = 2*r**3 + r**2 - 7*r + 2. Let d be m(2). Suppose 8415 = -d*g + 17*g. List the prime factors of g.
5, 11, 17
Let b(a) = -29*a - 9. Let l be -3 - -1 - (-4 - -3). Let z be 3 - (0/l + 7 + -2). What are the prime factors of b(z)?
7
Suppose 6*g - 21 = 51. Let d be 62/g + 2/(-12). Suppose 0 = d*t - 3*w - 1548, 5*t - 1544 = -0*t - w. What are the prime factors of t?
3, 103
Suppose 4*i + 2*v - 143404 = 0, 0 = 3*i - 30*v + 34*v - 107563. List the prime factors of i.
11, 3259
Let v = 21556 + -14360. List the prime factors of v.
2, 7, 257
Let x(q) = 10*q**2 - 171*q + 169. What are the prime factors of x(38)?
8111
Suppose 0 = -5*x + 75. Let d(j) = 41*j - 117. List the prime factors of d(x).
2, 3, 83
Suppose -86*a = -1364785 + 337257. List the prime factors of a.
2, 29, 103
Let m = -21 + 25. Let i be 5 + -2 - (m - 38). Suppose 3*l - 143 = i. What are the prime factors of l?
2, 3, 5
Let a(r) = 143*r - 963. List the prime factors of a(36).
3, 5, 31
Let j(z) = -87*z**3 + z**2 + 44*z + 142. What are the prime factors of j(-3)?
2, 37
Let d = 360 + 73576. What are the prime factors of d?
2, 4621
What are the prime factors of ((-78)/9)/(-4 - 21077/(-5271))?
2, 13, 251
Suppose 21295*i - 1491525 = 21260*i. What are the prime factors of i?
3, 5, 947
List the prime factors of (2/(-40) - 78/(-120))*74145.
3, 4943
Let h(t) be the first derivative of -t**4/4 - 13*t**3/3 + t**2/2 - 33*t + 57. Let q(n) = -n**2 + 14*n + 18. Let d be q(16). What are the prime factors of h(d)?
149
Let m(s) = s**2 + s - 4. Suppose -13 = 4*k - a, 4*k - 2*a + 31 = -7*a. Let h be m(k). Let p(o) = 22*o - 23. List the prime factors of p(h).
3, 17
List the prime factors of 11258*((-23)/391)/(2/(-17)).
13, 433
Let v(z) = 2*z**3 - 101*z**2 + 58. List the prime factors of v(51).
2659
Suppose 4*r - 3 = 33. Suppose 0 = -r*d + 35 - 8. Suppose 91 = b - d*a, 5*b + 321 = 8*b + 3*a. List the prime factors of b.
103
Let t(a) = a**2 + 3*a + 5. Let x be t(-2). Suppose x*k = 14*k - 1100. Let c = k + -37. List the prime factors of c.
3, 7
Suppose -4*i + 273*c - 272*c = -18931, 2*i = c + 9465. What are the prime factors of i?
4733
Suppose -3*u = -4*k - 935, 246 = 2*u - k - 369. Suppose -u = -x + 1072. List the prime factors of x.
3, 17
Suppose 4*v + 3 = -5. Let a be (762/(-15) - v) + 2/(-10). Let y = -23 - a. What are the prime factors of y?
2, 13
Suppose 0*w - t + 25 = 2*w, 0 = -5*t - 5. Suppose -8*s + 173 - w = 0. List the prime factors of 2336/s + (16/(-20) - -1).
3, 13
Let j be 4 - -24 - (0 + 1 - -2). Suppose -5*z + 20 = m + 3*m, -j = 2*z - 5*m. Suppose z = 4*c - 97 - 99. What are the prime factors of c?
7
Let a(k) = 298*k**2 - 33*k - 96. What are the prime factors of a(-5)?
73, 103
Suppose 53*s = -2*x + 56*s + 33263, -12 = -4*s. List the prime factors of x.
2, 4159
Let g(t) = -t - 19. Let r(b) = -5. Let j(y) = 3. Let d(l) = -5*j(l) - 2*r(l). Let p(i) = 9*d(i) - 2*g(i). List the prime factors of p(5).
3
Let u = -7136 - -8549. What are the prime factors of u?
3, 157
Let u = -17064 + 32497. List the prime factors of u.
11, 23, 61
Suppose 5*h + 255 = -2*f, -5*h + 6*h + 1 = 0. Suppose 0 = 2*y + 3*y + 2*o - 1428, -4*y - 5*o = -1156. Let k = f + y. What are the prime factors of k?
3, 53
Suppose 12*g + 32 + 16 = 0. Let a be g/26 + -2 + 100/(-26). List the prime factors of (a - -244 - 8) + 2/(-1).
2, 3, 19
Let k be 22/(-6) - (-5)/(-15) - 214. Let y = k - -1026. List the prime factors of y.
2, 101
What are the prime factors of 18/(648/(-81684))*-1*1?
2269
Suppose 0 = -0*t - 5*t, u = 3*t + 843. Suppose 842*d + 1050 = u*d. What are the prime factors of d?
2, 3, 5, 7
Suppose -1 = -2*j - 2*k - 7, 4*k = -20. Suppose -4*f + 556 = j*a, 3*a = -f + 6*f + 801. What are the prime factors of a?
2, 17
Suppose s = -2*y + 11, -3*s + 21 = 4*y - 2*y. Let g be (33*-8)/y*-1. Suppose -4*o - 8 = -g. What are the prime factors of o?
2, 5
Let s be 6*(-12)/18*-17. What are the prime factors of s/10*5 - 3?
31
Let z be (4/(-5))/(2709/(-2715) + 1). Let l = -93 - z. List the prime factors of l.
269
Let i(z) = -3*z - 4. Let d be i(-3). Let r(a) be the second derivative of 3*a**5/20 - 11*a**4/12 - a**3/2 - 5*a**2 - 76*a. What are the prime factors of r(d)?
3, 5
Suppose -3*q + 3 = -3*w, 2*q - 3*w + 32 = 6*q. Let a(m) = 2*m**2 - 6*m - 2. Let u be a(q). List the prime factors of ((-18380)/u)/(-5) - (-6)/(-27).
2, 3, 17
Let a(r) = -r**3 - 8*r**2 - 8*r - 2. Let n be a(-7). Suppose 0 = 3*z + 5*y - 302, -n*z + 4*y + 524 = 2*y. List the prime factors of (30/20)/(3/z + 0).
2, 13
Let y(u) = -u**3 + 7*u**2 + 8*u - 16. Let n be y(7). Let k = n - 48. Let h(j) = -j**3 - 7*j**2 - j + 11. List the prime factors of h(k).
83
Let n(c) = 4141*c**2 - 65*c - 65. List the prime factors of n(-1).
41, 101
Let y(v) = -1417*v - 716. What are the prime factors of y(-5)?
3, 11, 193
Suppose -5*y - 5*w + 395 - 85 = 0, -y = -5*w - 86. Suppose 0 = -60*o + y*o - 4062. List the prime factors of o.
677
Suppose 5*m = 5*n - 182150, -3*n + 12288 = -4*m - 96999. List the prime factors of n.
36433
Let i be (-4438)/(-3) + (95/(-15) - -6). Suppose 5*l - 5111 - i = 0. Suppose -8*g + 426 = -l. What are the prime factors of g?
2, 109
List the prime factors o